{"id":127,"date":"2021-02-19T22:10:00","date_gmt":"2021-02-19T21:10:00","guid":{"rendered":"https:\/\/kintsugiliege429940745.wordpress.com\/?page_id=127"},"modified":"2021-02-28T20:03:41","modified_gmt":"2021-02-28T19:03:41","slug":"contactez-nous","status":"publish","type":"page","link":"https:\/\/centrekintsugi.be\/?page_id=127","title":{"rendered":"Venir au Centre ou nous contacter :"},"content":{"rendered":"<h2>Vous avez rendez-vous, nous vous accueillons \u00e0 l&rsquo;adresse suivante :<\/h2><p><strong>Centre Kintsugi &#8211; Rue de Joie, 38-40 &#8211; 4000 Li\u00e8ge<\/strong><\/p><p>     Gare des Guillemins \u00e0 10 minutes de marche<\/p><p>     Bus Tec &#8211; Lignes 20 (arr\u00eat rue de Joie)<a href=\"https:\/\/www.letec.be\/#\/Planning\/Details\/Line\/20%20Pont%20d'Avroy%20-%20Guillemins%20-%20Cointe%20-%20Sclessin\/L20\"> <\/a>et 21 (arr\u00eat rue J. Makoy) \u00e0 proximit\u00e9 <\/p><h2 class=\"wp-block-heading\">Nous contacter : <\/h2><p>Vous souhaitez plus d&rsquo;informations sur nos activit\u00e9s, \u00e9crivez-nous. Vous serez toujours les bienvenu-e-s :  <strong><a href=\"mailto:kintsuliege@gmail.com\" target=\"_blank\" rel=\"noreferrer noopener\">kintsuliege@gmail.com<\/a> <\/strong><\/p><p>Retrouvez-nous sur les r\u00e9seaux sociaux et suivez-y nos publications. <\/p><ul class=\"wp-block-social-links is-style-logos-only is-layout-flex wp-block-social-links-is-layout-flex\"><li class=\"wp-social-link wp-social-link-facebook  wp-block-social-link\"><a href=\"https:\/\/www.facebook.com\/pages\/category\/Community\/Kintsugi-100440128363694\/\" class=\"wp-block-social-link-anchor\"><svg width=\"24\" height=\"24\" viewBox=\"0 0 24 24\" version=\"1.1\" xmlns=\"http:\/\/www.w3.org\/2000\/svg\" aria-hidden=\"true\" focusable=\"false\"><path d=\"M12 2C6.5 2 2 6.5 2 12c0 5 3.7 9.1 8.4 9.9v-7H7.9V12h2.5V9.8c0-2.5 1.5-3.9 3.8-3.9 1.1 0 2.2.2 2.2.2v2.5h-1.3c-1.2 0-1.6.8-1.6 1.6V12h2.8l-.4 2.9h-2.3v7C18.3 21.1 22 17 22 12c0-5.5-4.5-10-10-10z\"><\/path><\/svg><span class=\"wp-block-social-link-label screen-reader-text\">Facebook<\/span><\/a><\/li>\n\n<li class=\"wp-social-link wp-social-link-linkedin  wp-block-social-link\"><a href=\"https:\/\/www.linkedin.com\/company\/70410247\" class=\"wp-block-social-link-anchor\"><svg width=\"24\" height=\"24\" viewBox=\"0 0 24 24\" version=\"1.1\" xmlns=\"http:\/\/www.w3.org\/2000\/svg\" aria-hidden=\"true\" focusable=\"false\"><path d=\"M19.7,3H4.3C3.582,3,3,3.582,3,4.3v15.4C3,20.418,3.582,21,4.3,21h15.4c0.718,0,1.3-0.582,1.3-1.3V4.3 C21,3.582,20.418,3,19.7,3z M8.339,18.338H5.667v-8.59h2.672V18.338z M7.004,8.574c-0.857,0-1.549-0.694-1.549-1.548 c0-0.855,0.691-1.548,1.549-1.548c0.854,0,1.547,0.694,1.547,1.548C8.551,7.881,7.858,8.574,7.004,8.574z M18.339,18.338h-2.669 v-4.177c0-0.996-0.017-2.278-1.387-2.278c-1.389,0-1.601,1.086-1.601,2.206v4.249h-2.667v-8.59h2.559v1.174h0.037 c0.356-0.675,1.227-1.387,2.526-1.387c2.703,0,3.203,1.779,3.203,4.092V18.338z\"><\/path><\/svg><span class=\"wp-block-social-link-label screen-reader-text\">LinkedIn<\/span><\/a><\/li><\/ul><p class=\"has-medium-font-size\"><strong>Abonnez-vous pour rester au courant de nos activit\u00e9s<\/strong><\/p><script>(function() {\n\twindow.mc4wp = window.mc4wp || {\n\t\tlisteners: [],\n\t\tforms: {\n\t\t\ton: function(evt, cb) {\n\t\t\t\twindow.mc4wp.listeners.push(\n\t\t\t\t\t{\n\t\t\t\t\t\tevent   : evt,\n\t\t\t\t\t\tcallback: cb\n\t\t\t\t\t}\n\t\t\t\t);\n\t\t\t}\n\t\t}\n\t}\n})();\n<\/script><!-- Mailchimp for WordPress v4.9.15 - https:\/\/wordpress.org\/plugins\/mailchimp-for-wp\/ --><form id=\"mc4wp-form-1\" class=\"mc4wp-form mc4wp-form-602\" method=\"post\" data-id=\"602\" data-name=\"Contacts Centre Kintsugi\" ><div class=\"mc4wp-form-fields\"><p>\r\n\t<label>Adresse de courrier \u00e9lectronique: \r\n\t\t<input type=\"email\" name=\"EMAIL\" placeholder=\"Votre adresse de courrier \u00e9lectronique\" required \/>\r\n<\/label>\r\n<\/p>\r\n\r\n<p>\r\n\t<input type=\"submit\" value=\"Abonnez-vous\" \/>\r\n<\/p><\/div><label style=\"display: none !important;\">Laissez ce champ vide si vous \u00eates humain\u00a0: <input type=\"text\" name=\"_mc4wp_honeypot\" value=\"\" tabindex=\"-1\" autocomplete=\"off\" \/><\/label><input type=\"hidden\" name=\"_mc4wp_timestamp\" value=\"1777299189\" \/><input type=\"hidden\" name=\"_mc4wp_form_id\" value=\"602\" \/><input type=\"hidden\" name=\"_mc4wp_form_element_id\" value=\"mc4wp-form-1\" \/><div class=\"mc4wp-response\"><\/div><\/form><!-- \/ Mailchimp for WordPress Plugin --><p><\/p>","protected":false},"excerpt":{"rendered":"<p>Vous avez rendez-vous, nous vous accueillons \u00e0 l&rsquo;adresse suivante : Centre Kintsugi &#8211; Rue de Joie, 38-40 &#8211; 4000 Li\u00e8ge Gare des Guillemins \u00e0 10 &hellip; <\/p>\n","protected":false},"author":1,"featured_media":0,"parent":0,"menu_order":0,"comment_status":"closed","ping_status":"closed","template":"","meta":{"_uag_custom_page_level_css":"","footnotes":""},"class_list":["post-127","page","type-page","status-publish","hentry"],"uagb_featured_image_src":{"full":false,"thumbnail":false,"medium":false,"medium_large":false,"large":false,"1536x1536":false,"2048x2048":false,"vilva-slider-one":false,"vilva-featured-four":false,"vilva-blog":false,"vilva-blog-one":false,"vilva-sidebar":false,"woocommerce_thumbnail":false,"woocommerce_single":false,"woocommerce_gallery_thumbnail":false},"uagb_author_info":{"display_name":"Centre Kintsugi","author_link":"https:\/\/centrekintsugi.be\/?author=1"},"uagb_comment_info":0,"uagb_excerpt":"Vous avez rendez-vous, nous vous accueillons \u00e0 l&rsquo;adresse suivante : Centre Kintsugi &#8211; Rue de Joie, 38-40 &#8211; 4000 Li\u00e8ge Gare des Guillemins \u00e0 10 &hellip;","_links":{"self":[{"href":"https:\/\/centrekintsugi.be\/index.php?rest_route=\/wp\/v2\/pages\/127"}],"collection":[{"href":"https:\/\/centrekintsugi.be\/index.php?rest_route=\/wp\/v2\/pages"}],"about":[{"href":"https:\/\/centrekintsugi.be\/index.php?rest_route=\/wp\/v2\/types\/page"}],"author":[{"embeddable":true,"href":"https:\/\/centrekintsugi.be\/index.php?rest_route=\/wp\/v2\/users\/1"}],"replies":[{"embeddable":true,"href":"https:\/\/centrekintsugi.be\/index.php?rest_route=%2Fwp%2Fv2%2Fcomments&post=127"}],"version-history":[{"count":15,"href":"https:\/\/centrekintsugi.be\/index.php?rest_route=\/wp\/v2\/pages\/127\/revisions"}],"predecessor-version":[{"id":639,"href":"https:\/\/centrekintsugi.be\/index.php?rest_route=\/wp\/v2\/pages\/127\/revisions\/639"}],"wp:attachment":[{"href":"https:\/\/centrekintsugi.be\/index.php?rest_route=%2Fwp%2Fv2%2Fmedia&parent=127"}],"curies":[{"name":"wp","href":"https:\/\/api.w.org\/{rel}","templated":true}]}}